{"id":35039,"date":"2026-05-04T09:17:28","date_gmt":"2026-05-04T07:17:28","guid":{"rendered":"https:\/\/entefire.it\/fire\/?page_id=35039"},"modified":"2026-05-05T16:01:13","modified_gmt":"2026-05-05T14:01:13","slug":"fire-b-corp","status":"publish","type":"page","link":"https:\/\/entefire.it\/fire\/fire-b-corp\/","title":{"rendered":"Siamo una B Corp\u2122"},"content":{"rendered":"<p>[et_pb_section fb_built=&#8221;1&#8243; admin_label=&#8221;Header&#8221; _builder_version=&#8221;4.27.4&#8243; _module_preset=&#8221;default&#8221; use_background_color_gradient=&#8221;on&#8221; background_color_gradient_direction=&#8221;153deg&#8221; background_color_gradient_stops=&#8221;rgba(255,255,255,0) 0vw|#0a0a0a 100vw&#8221; background_color_gradient_unit=&#8221;vw&#8221; background_color_gradient_overlays_image=&#8221;on&#8221; background_image=&#8221;https:\/\/entefire.it\/fire\/wp-content\/uploads\/overhead-aerial-shot-thick-forest-with-beautiful-trees-greenery-scaled_processed_by_imagy.jpg&#8221; background_blend=&#8221;lighten&#8221; min_height=&#8221;203.8px&#8221; custom_margin=&#8221;||||false|false&#8221; custom_padding=&#8221;54px||47px|||&#8221; locked=&#8221;off&#8221; collapsed=&#8221;on&#8221; global_colors_info=&#8221;{}&#8221;][et_pb_row _builder_version=&#8221;4.17.4&#8243; _module_preset=&#8221;default&#8221; global_colors_info=&#8221;{}&#8221;][et_pb_column type=&#8221;4_4&#8243; _builder_version=&#8221;4.17.4&#8243; _module_preset=&#8221;default&#8221; global_colors_info=&#8221;{}&#8221;][et_pb_text _builder_version=&#8221;4.27.6&#8243; _module_preset=&#8221;c16985e1-e0d6-4022-964d-e2bfc04fa633&#8243; text_font_size=&#8221;13px&#8221; header_font=&#8221;Inter|700|||||||&#8221; header_text_color=&#8221;#FFFFFF&#8221; header_font_size=&#8221;41px&#8221; header_line_height=&#8221;1.2em&#8221; header_font_size_tablet=&#8221;40px&#8221; header_font_size_phone=&#8221;24px&#8221; header_font_size_last_edited=&#8221;on|desktop&#8221; global_colors_info=&#8221;{}&#8221;]<\/p>\n<h1 style=\"text-align: center;\"><span style=\"color: #ffffff;\">Siamo una\u00a0 <span>B\u00a0Corp\u2122<\/span><\/span><\/h1>\n<p>[\/et_pb_text][et_pb_image src=&#8221;https:\/\/entefire.it\/fire\/wp-content\/uploads\/Italian-B-Corp-Logo-White-RGB.png&#8221; title_text=&#8221;Italian-B-Corp-Logo-White-RGB&#8221; align=&#8221;center&#8221; _builder_version=&#8221;4.27.6&#8243; _module_preset=&#8221;default&#8221; min_height=&#8221;100px&#8221; height=&#8221;100px&#8221; max_height=&#8221;100px&#8221; global_colors_info=&#8221;{}&#8221;][\/et_pb_image][\/et_pb_column][\/et_pb_row][\/et_pb_section][et_pb_section fb_built=&#8221;1&#8243; custom_padding_last_edited=&#8221;on|phone&#8221; _builder_version=&#8221;4.25.0&#8243; _module_preset=&#8221;default&#8221; background_color=&#8221;#91b23c&#8221; custom_padding_tablet=&#8221;&#8221; custom_padding_phone=&#8221;25px||25px||false|false&#8221; global_colors_info=&#8221;{}&#8221;][et_pb_row _builder_version=&#8221;4.25.0&#8243; _module_preset=&#8221;default&#8221; global_colors_info=&#8221;{}&#8221;][et_pb_column type=&#8221;4_4&#8243; _builder_version=&#8221;4.25.0&#8243; _module_preset=&#8221;default&#8221; global_colors_info=&#8221;{}&#8221;][et_pb_heading title=&#8221; Parte di un movimento globale che si impegna per il bene delle persone e del pianeta.&#8221; _builder_version=&#8221;4.27.6&#8243; _module_preset=&#8221;default&#8221; title_text_align=&#8221;center&#8221; title_text_color=&#8221;#FFFFFF&#8221; global_colors_info=&#8221;{}&#8221;][\/et_pb_heading][et_pb_text _builder_version=&#8221;4.27.6&#8243; _module_preset=&#8221;default&#8221; global_colors_info=&#8221;{}&#8221;]<\/p>\n<p data-rte-preserve-empty=\"true\"><span style=\"color: #ffffff;\">F.IRE rispetta gli standard trasversali di B Lab in materia sociale, ambientale e di governance.\u00a0<\/span><\/p>\n<p data-rte-preserve-empty=\"true\"><span style=\"color: #ffffff;\">Questo rafforza la nostra identit\u00e0 e radica nel DNA dell\u2019azienda la volont\u00e0 di generare un impatto positivo, promuovendo una gestione pi\u00f9 consapevole delle nostre azioni nei confronti delle persone e del pianeta.<\/span><\/p>\n<p>[\/et_pb_text][\/et_pb_column][\/et_pb_row][\/et_pb_section][et_pb_section fb_built=&#8221;1&#8243; _builder_version=&#8221;4.27.6&#8243; _module_preset=&#8221;default&#8221; background_color=&#8221;#FFFFFF&#8221; global_colors_info=&#8221;{}&#8221;][et_pb_row column_structure=&#8221;1_2,1_2&#8243; custom_padding_last_edited=&#8221;on|phone&#8221; _builder_version=&#8221;4.25.0&#8243; _module_preset=&#8221;default&#8221; custom_padding_tablet=&#8221;&#8221; custom_padding_phone=&#8221;25px||25px||false|false&#8221; global_colors_info=&#8221;{}&#8221;][et_pb_column type=&#8221;1_2&#8243; _builder_version=&#8221;4.25.0&#8243; _module_preset=&#8221;default&#8221; global_colors_info=&#8221;{}&#8221;][et_pb_image src=&#8221;https:\/\/entefire.it\/fire\/wp-content\/uploads\/b-corp-infografica.png&#8221; title_text=&#8221;b-corp-infografica&#8221; align=&#8221;center&#8221; _builder_version=&#8221;4.27.6&#8243; _module_preset=&#8221;default&#8221; width=&#8221;79%&#8221; global_colors_info=&#8221;{}&#8221;][\/et_pb_image][\/et_pb_column][et_pb_column type=&#8221;1_2&#8243; _builder_version=&#8221;4.25.0&#8243; _module_preset=&#8221;default&#8221; global_colors_info=&#8221;{}&#8221;][et_pb_text _builder_version=&#8221;4.27.6&#8243; _module_preset=&#8221;default&#8221; global_colors_info=&#8221;{}&#8221;]<\/p>\n<p>F.IRE \u00e8 certificata B Corp secondo la<strong> versione 1.6 degli standard con 5 aree d&#8217;impatto:<\/strong><\/p>\n<p><strong>Ambiente<\/strong> <br \/>In che modo la tua azienda d\u00e0 priorit\u00e0 alla tutela del pianeta e se ne prende cura?<\/p>\n<p><strong>Governance<\/strong><br \/>In che modo la governance della tua azienda considera gli interessi di tutti gli stakeholders?<\/p>\n<p><strong>Clienti<\/strong><br \/>In che modo la tua azienda contribuisce a migliorare la vita dei propri clienti?<\/p>\n<p><strong>Comunit\u00e0<\/strong><br \/>In che modo la tua azienda restituisce valore e contribuisce al benessere della community?<\/p>\n<p><strong>Lavoratori<\/strong><br \/>In che modo la tua azienda si prende cura dei propri lavoratori, migliorando la loro vita e il loro benessere?<\/p>\n<p>[\/et_pb_text][\/et_pb_column][\/et_pb_row][\/et_pb_section][et_pb_section fb_built=&#8221;1&#8243; _builder_version=&#8221;4.27.6&#8243; _module_preset=&#8221;default&#8221; global_colors_info=&#8221;{}&#8221;][et_pb_row _builder_version=&#8221;4.27.6&#8243; _module_preset=&#8221;default&#8221; global_colors_info=&#8221;{}&#8221;][et_pb_column type=&#8221;4_4&#8243; _builder_version=&#8221;4.27.6&#8243; _module_preset=&#8221;default&#8221; global_colors_info=&#8221;{}&#8221;][et_pb_heading title=&#8221;Il nostro punteggio&#8221; _builder_version=&#8221;4.27.6&#8243; _module_preset=&#8221;default&#8221; global_colors_info=&#8221;{}&#8221;][\/et_pb_heading][et_pb_text _builder_version=&#8221;4.27.6&#8243; _module_preset=&#8221;default&#8221; text_text_color=&#8221;#494949&#8243; global_colors_info=&#8221;{}&#8221;]<\/p>\n<p><span style=\"color: #333333;\">Per ottenere la\u00a0<strong>certificazione B Corp<\/strong>, un&#8217;azienda deve raggiungere\u00a0<strong>almeno 80 punti<\/strong>. Siamo orgogliosi di aver ottenuto uno score di <strong>107.1<\/strong><\/span><\/p>\n<p>[\/et_pb_text][\/et_pb_column][\/et_pb_row][\/et_pb_section][et_pb_section fb_built=&#8221;1&#8243; _builder_version=&#8221;4.27.6&#8243; _module_preset=&#8221;default&#8221; global_colors_info=&#8221;{}&#8221;][et_pb_row column_structure=&#8221;1_5,1_5,1_5,1_5,1_5&#8243; _builder_version=&#8221;4.27.6&#8243; _module_preset=&#8221;default&#8221; global_colors_info=&#8221;{}&#8221;][et_pb_column type=&#8221;1_5&#8243; _builder_version=&#8221;4.27.6&#8243; _module_preset=&#8221;default&#8221; global_colors_info=&#8221;{}&#8221;][et_pb_circle_counter title=&#8221;Governance&#8221; number=&#8221;17.1&#8243; percent_sign=&#8221;off&#8221; bar_bg_color=&#8221;#e5852b&#8221; _builder_version=&#8221;4.27.6&#8243; _module_preset=&#8221;default&#8221; title_level=&#8221;h2&#8243; title_text_color=&#8221;#e5852b&#8221; number_text_color=&#8221;#e5852b&#8221; background_position=&#8221;top_left&#8221; max_width=&#8221;180px&#8221; global_colors_info=&#8221;{}&#8221;][\/et_pb_circle_counter][et_pb_text _builder_version=&#8221;4.27.6&#8243; _module_preset=&#8221;default&#8221; global_colors_info=&#8221;{}&#8221;]<\/p>\n<p><span>Valuta in che modo l&#8217;azienda pu\u00f2 migliorare le politiche e pratiche pertinenti alla propria missione, all&#8217;etica, la responsabilit\u00e0 e trasparenza.<\/span><\/p>\n<p>[\/et_pb_text][\/et_pb_column][et_pb_column type=&#8221;1_5&#8243; _builder_version=&#8221;4.27.6&#8243; _module_preset=&#8221;default&#8221; global_colors_info=&#8221;{}&#8221;][et_pb_circle_counter title=&#8221;Lavoratori&#8221; number=&#8221;37.5&#8243; percent_sign=&#8221;off&#8221; bar_bg_color=&#8221;#2270b5&#8243; _builder_version=&#8221;4.27.6&#8243; _module_preset=&#8221;default&#8221; title_level=&#8221;h2&#8243; title_text_color=&#8221;#2270b5&#8243; number_text_color=&#8221;#2270b5&#8243; background_position=&#8221;top_left&#8221; max_width=&#8221;180px&#8221; global_colors_info=&#8221;{}&#8221;][\/et_pb_circle_counter][et_pb_text _builder_version=&#8221;4.27.6&#8243; _module_preset=&#8221;default&#8221; global_colors_info=&#8221;{}&#8221;]<\/p>\n<p><span>Valuta in che modo l&#8217;azienda pu\u00f2 contribuire al benessere finanziario, fisico, professionale e sociale dei propri lavoratori.<\/span><\/p>\n<p>[\/et_pb_text][\/et_pb_column][et_pb_column type=&#8221;1_5&#8243; _builder_version=&#8221;4.27.6&#8243; _module_preset=&#8221;default&#8221; global_colors_info=&#8221;{}&#8221;][et_pb_circle_counter title=&#8221;Comunit\u00e0&#8221; number=&#8221;16.3&#8243; percent_sign=&#8221;off&#8221; bar_bg_color=&#8221;#5e23c4&#8243; _builder_version=&#8221;4.27.6&#8243; _module_preset=&#8221;default&#8221; title_level=&#8221;h2&#8243; title_text_color=&#8221;#5e23c4&#8243; number_text_color=&#8221;#5e23c4&#8243; background_position=&#8221;top_left&#8221; max_width=&#8221;180px&#8221; global_colors_info=&#8221;{}&#8221;][\/et_pb_circle_counter][et_pb_text _builder_version=&#8221;4.27.6&#8243; _module_preset=&#8221;default&#8221; global_colors_info=&#8221;{}&#8221;]<\/p>\n<p><span>Valuta in che modo l&#8217;azienda pu\u00f2 contribuire al benessere economico e sociale delle comunit\u00e0 in cui opera.<\/span><\/p>\n<p>[\/et_pb_text][\/et_pb_column][et_pb_column type=&#8221;1_5&#8243; _builder_version=&#8221;4.27.6&#8243; _module_preset=&#8221;default&#8221; global_colors_info=&#8221;{}&#8221;][et_pb_circle_counter title=&#8221;Ambiente&#8221; number=&#8221;8.6&#8243; percent_sign=&#8221;off&#8221; bar_bg_color=&#8221;#009300&#8243; _builder_version=&#8221;4.27.6&#8243; _module_preset=&#8221;default&#8221; title_level=&#8221;h2&#8243; title_text_color=&#8221;#009300&#8243; number_text_color=&#8221;#009300&#8243; background_position=&#8221;top_left&#8221; max_width=&#8221;180px&#8221; global_colors_info=&#8221;{}&#8221;][\/et_pb_circle_counter][et_pb_text _builder_version=&#8221;4.27.6&#8243; _module_preset=&#8221;default&#8221; global_colors_info=&#8221;{}&#8221;]<\/p>\n<p><span>Valuta in che modo l&#8217;azienda pu\u00f2 migliorare la propria gestione ambientale.<\/span><\/p>\n<p>[\/et_pb_text][\/et_pb_column][et_pb_column type=&#8221;1_5&#8243; _builder_version=&#8221;4.27.6&#8243; _module_preset=&#8221;default&#8221; global_colors_info=&#8221;{}&#8221;][et_pb_circle_counter title=&#8221;Clienti&#8221; number=&#8221;27.4&#8243; percent_sign=&#8221;off&#8221; bar_bg_color=&#8221;#26d0d3&#8243; _builder_version=&#8221;4.27.6&#8243; _module_preset=&#8221;default&#8221; title_level=&#8221;h2&#8243; title_text_color=&#8221;#26d0d3&#8243; number_text_color=&#8221;#26d0d3&#8243; background_position=&#8221;top_left&#8221; max_width=&#8221;180px&#8221; global_colors_info=&#8221;{}&#8221;][\/et_pb_circle_counter][et_pb_text _builder_version=&#8221;4.27.6&#8243; _module_preset=&#8221;default&#8221; global_colors_info=&#8221;{}&#8221;]<\/p>\n<p><span>Valuta in che modo l&#8217;azienda pu\u00f2 migliorare il valore che crea per i clienti e consumatori diretti dei propri prodotti e servizi.<\/span><\/p>\n<p>[\/et_pb_text][\/et_pb_column][\/et_pb_row][et_pb_row _builder_version=&#8221;4.27.6&#8243; _module_preset=&#8221;default&#8221; global_colors_info=&#8221;{}&#8221;][et_pb_column type=&#8221;4_4&#8243; _builder_version=&#8221;4.27.6&#8243; _module_preset=&#8221;default&#8221; global_colors_info=&#8221;{}&#8221;][et_pb_text _builder_version=&#8221;4.27.6&#8243; _module_preset=&#8221;default&#8221; global_colors_info=&#8221;{}&#8221;]<\/p>\n<p>*<strong>Punteggio F.IRE S.r.l. Societ\u00e0 Benefit aprile 2026<\/strong> con <strong>versione 1.6 degli standard<\/strong><\/p>\n<p>[\/et_pb_text][\/et_pb_column][\/et_pb_row][\/et_pb_section][et_pb_section fb_built=&#8221;1&#8243; _builder_version=&#8221;4.27.6&#8243; _module_preset=&#8221;default&#8221; background_color=&#8221;#efefef&#8221; global_colors_info=&#8221;{}&#8221;][et_pb_row custom_padding_last_edited=&#8221;on|phone&#8221; _builder_version=&#8221;4.25.0&#8243; _module_preset=&#8221;default&#8221; custom_padding_tablet=&#8221;&#8221; custom_padding_phone=&#8221;25px||25px||false|false&#8221; global_colors_info=&#8221;{}&#8221;][et_pb_column type=&#8221;4_4&#8243; _builder_version=&#8221;4.25.0&#8243; _module_preset=&#8221;default&#8221; global_colors_info=&#8221;{}&#8221;][et_pb_image src=&#8221;https:\/\/entefire.it\/fire\/wp-content\/uploads\/Italian-B-Corp-Logo-Black-RGB.png&#8221; title_text=&#8221;Italian-B-Corp-Logo-Black-RGB&#8221; url=&#8221;https:\/\/www.bcorporation.net\/en-us\/find-a-b-corp\/company\/fire-srl-societ-benefit\/&#8221; url_new_window=&#8221;on&#8221; align=&#8221;center&#8221; _builder_version=&#8221;4.27.6&#8243; _module_preset=&#8221;default&#8221; width=&#8221;100%&#8221; max_width=&#8221;100%&#8221; min_height=&#8221;143px&#8221; height=&#8221;100px&#8221; max_height=&#8221;100px&#8221; global_colors_info=&#8221;{}&#8221;][\/et_pb_image][et_pb_text _builder_version=&#8221;4.27.6&#8243; _module_preset=&#8221;default&#8221; global_colors_info=&#8221;{}&#8221;]<\/p>\n<h1 class=\"px-[16px] py-[28px] text-center font-fira text-[30px] font-semibold font-openSans text-2xl font-semibold text-black-500\"><span style=\"color: #333333;\"><strong>Nota sulla certificazione<\/strong><\/span><\/h1>\n<p>[\/et_pb_text][et_pb_text _builder_version=&#8221;4.27.6&#8243; _module_preset=&#8221;default&#8221; global_colors_info=&#8221;{}&#8221;]<\/p>\n<p class=\"\" style=\"text-align: justify;\">La <strong>\u201cCertificazione B\u00a0Corporation\u201d<\/strong> \u00e8 un marchio che viene concesso in licenza da B\u00a0Lab, ente privato \u2028no profit, alle aziende che, come la nostra, hanno superato con successo il B\u00a0Impact Assessment (\u201cBIA\u201d) e soddisfano quindi i requisiti richiesti da B\u00a0Lab in termini di performance sociale e ambientale, responsabilit\u00e0 e trasparenza.<\/p>\n<p class=\"\" style=\"text-align: justify;\">Si specifica che B Lab non \u00e8 un organismo di valutazione della conformit\u00e0 ai sensi del Regolamento (UE) n.\u00a0765\/2008 o un organismo di normazione nazionale, europeo o internazionale ai sensi del Regolamento (UE) n.\u00a01025\/2012. I criteri del BIA sono distinti e autonomi rispetto agli standard armonizzati risultanti dalle norme ISO o di altri organismi di normazione e non sono ratificati da parte di istituzioni pubbliche nazionali o europee.<\/p>\n<p class=\"\" style=\"text-align: justify;\">\n<p class=\"\" style=\"text-align: justify;\">Se <span>vuoi saperne di pi\u00f9, visita il sito di B Corp\u2122 <span style=\"text-decoration: underline;\"><span style=\"color: #333333;\"><a href=\"https:\/\/bcorporation.eu\/country_partner\/italy-it\/\" target=\"_blank\" rel=\"noopener nofollow\" style=\"color: #333333; text-decoration: underline;\">cliccando qua<\/a><\/span><\/span><\/span><\/p>\n<p>[\/et_pb_text][\/et_pb_column][\/et_pb_row][\/et_pb_section]<\/p>\n","protected":false},"excerpt":{"rendered":"<p>Siamo una\u00a0 B\u00a0Corp\u2122F.IRE rispetta gli standard trasversali di B Lab in materia sociale, ambientale e di governance.\u00a0 Questo rafforza la nostra identit\u00e0 e radica nel DNA dell\u2019azienda la volont\u00e0 di generare un impatto positivo, promuovendo una gestione pi\u00f9 consapevole delle nostre azioni nei confronti delle persone e del pianeta.F.IRE \u00e8 certificata B Corp secondo la [&hellip;]<\/p>\n","protected":false},"author":22,"featured_media":0,"parent":0,"menu_order":0,"comment_status":"closed","ping_status":"closed","template":"","meta":{"_et_pb_use_builder":"on","_et_pb_old_content":"","_et_gb_content_width":"","footnotes":""},"class_list":["post-35039","page","type-page","status-publish","hentry"],"_links":{"self":[{"href":"https:\/\/entefire.it\/fire\/wp-json\/wp\/v2\/pages\/35039","targetHints":{"allow":["GET"]}}],"collection":[{"href":"https:\/\/entefire.it\/fire\/wp-json\/wp\/v2\/pages"}],"about":[{"href":"https:\/\/entefire.it\/fire\/wp-json\/wp\/v2\/types\/page"}],"author":[{"embeddable":true,"href":"https:\/\/entefire.it\/fire\/wp-json\/wp\/v2\/users\/22"}],"replies":[{"embeddable":true,"href":"https:\/\/entefire.it\/fire\/wp-json\/wp\/v2\/comments?post=35039"}],"version-history":[{"count":15,"href":"https:\/\/entefire.it\/fire\/wp-json\/wp\/v2\/pages\/35039\/revisions"}],"predecessor-version":[{"id":35084,"href":"https:\/\/entefire.it\/fire\/wp-json\/wp\/v2\/pages\/35039\/revisions\/35084"}],"wp:attachment":[{"href":"https:\/\/entefire.it\/fire\/wp-json\/wp\/v2\/media?parent=35039"}],"curies":[{"name":"wp","href":"https:\/\/api.w.org\/{rel}","templated":true}]}}